{"id":101,"date":"2025-03-04T22:30:46","date_gmt":"2025-03-04T21:30:46","guid":{"rendered":"https:\/\/notredamedesflots-brest.com\/?page_id=101"},"modified":"2025-10-17T21:46:35","modified_gmt":"2025-10-17T19:46:35","slug":"agenda-2024-2025","status":"publish","type":"page","link":"https:\/\/notredamedesflots-brest.com\/index.php\/agenda-2024-2025\/","title":{"rendered":"Agenda 2025-2026"},"content":{"rendered":"\n<p class=\"has-text-align-center has-theme-palette-9-color has-text-color has-background has-link-color wp-elements-dafab011c3b93917ec25ee1b4a707d2b\" style=\"background-color:#216d9e\">RENTR\u00c9E DES CLASSES : lundi 8 septembre 2025<\/p>\n\n\n\n<ul class=\"wp-block-list has-theme-palette-9-background-color has-background\">\n<li>Vendredi 26 septembre 2025 : p\u00e8lerinage de rentr\u00e9e.<\/li>\n<\/ul>\n\n\n\n<p class=\"has-text-align-center has-background\" style=\"background-color:#cccccc59\">VACANCES DE LA TOUSSAINT : vendredi 17 octobre 2025 au lundi 3 novembre 2025<\/p>\n\n\n\n<p class=\"has-text-align-center has-background\" style=\"background-color:#cccccc59\">VACANCES DE NO\u00cbL : vendredi 19 d\u00e9cembre 2025 au lundi 5 janvier 2026<\/p>\n\n\n\n<ul class=\"wp-block-list has-theme-palette-9-background-color has-background\">\n<li>Classe de 3<sup>\u00e8me<\/sup> : <br>Brevet blanc : 9 et 10 f\u00e9vrier 2026<br>Stage : 11, 12 et 13 f\u00e9vrier 2026<\/li>\n<\/ul>\n\n\n\n<p class=\"has-text-align-center has-background\" style=\"background-color:#cccccc59\">VACANCES DE F\u00c9VRIER : vendredi 13 f\u00e9vrier au lundi 03 mars 2026<\/p>\n\n\n\n<ul class=\"wp-block-list has-theme-palette-9-background-color has-background\">\n<li>Jeudi 2 avril au mardi 7 avril 2026 : week-end de P\u00e2ques<\/li>\n<\/ul>\n\n\n\n<p class=\"has-text-align-center has-background\" style=\"background-color:#cccccc59\">VACANCES DE P\u00c2QUES : vendredi 10 avril au lundi 27 avril 2026<\/p>\n\n\n\n<ul class=\"wp-block-list has-theme-palette-9-background-color has-background\">\n<li>Jeudi 1er mai : f\u00e9ri\u00e9<\/li>\n\n\n\n<li>Mercredi 13 mai au lundi 18 mai 2026 : pont de l&rsquo;Ascension<\/li>\n\n\n\n<li>Vendredi 22 mai au mercredi 27 mai 2026 : week-end de la Pentec\u00f4te (sous r\u00e9serve d&rsquo;une participation cons\u00e9quente des \u00e9l\u00e8ves au p\u00e8lerinage)<\/li>\n\n\n\n<li>Date \u00e0 d\u00e9terminer : spectacle de fin d&rsquo;ann\u00e9e<\/li>\n<\/ul>\n\n\n\n<p class=\"has-text-align-center has-theme-palette-9-color has-text-color has-background has-link-color wp-elements-c3feb42708f9f0ca58484bbf344f263f\" style=\"background-color:#216d9e\">FIN DES COURS : vendredi 26 juin 2026<\/p>\n\n\n\n<ul class=\"wp-block-list has-theme-palette-9-background-color has-background\">\n<li>Lundi 29 juin 2026 : grand m\u00e9nage. Trois\/quatre parents seront sollicit\u00e9s.<\/li>\n<\/ul>\n\n\n\n<h2 class=\"wp-block-heading\">Les messes \u00e0 Saint Michel :<\/h2>\n\n\n\n<ul class=\"wp-block-list has-theme-palette-9-background-color has-background\">\n<li>Vendredi 26 septembre 2025, p\u00e8lerinage. Messe \u00e0 9h.<\/li>\n\n\n\n<li>Mardi 18 novembre 2025, 8h15.<\/li>\n\n\n\n<li>Mercredi 17 d\u00e9cembre 2025, 8h15.<\/li>\n\n\n\n<li>Mardi 20 janvier 2026, 8h15.<\/li>\n\n\n\n<li>Jeudi 19 mars 2026, 8h15.<\/li>\n\n\n\n<li>Vendredi 8 mai 2026, 8h15.<\/li>\n<\/ul>\n\n\n\n<p><\/p>\n","protected":false},"excerpt":{"rendered":"<p>RENTR\u00c9E DES CLASSES : lundi 8 septembre 2025 VACANCES DE LA TOUSSAINT : vendredi 17 octobre 2025 au lundi 3 novembre 2025 VACANCES DE NO\u00cbL : vendredi 19 d\u00e9cembre 2025 au lundi 5 janvier 2026 VACANCES DE F\u00c9VRIER : vendredi 13 f\u00e9vrier au lundi 03 mars 2026 VACANCES DE P\u00c2QUES : vendredi 10 avril au&#8230;<\/p>\n","protected":false},"author":1,"featured_media":17,"parent":0,"menu_order":0,"comment_status":"closed","ping_status":"closed","template":"","meta":{"_kad_post_transparent":"","_kad_post_title":"","_kad_post_layout":"","_kad_post_sidebar_id":"","_kad_post_content_style":"","_kad_post_vertical_padding":"","_kad_post_feature":"","_kad_post_feature_position":"","_kad_post_header":false,"_kad_post_footer":false,"footnotes":""},"class_list":["post-101","page","type-page","status-publish","has-post-thumbnail","hentry"],"jetpack_sharing_enabled":true,"_links":{"self":[{"href":"https:\/\/notredamedesflots-brest.com\/index.php\/wp-json\/wp\/v2\/pages\/101","targetHints":{"allow":["GET"]}}],"collection":[{"href":"https:\/\/notredamedesflots-brest.com\/index.php\/wp-json\/wp\/v2\/pages"}],"about":[{"href":"https:\/\/notredamedesflots-brest.com\/index.php\/wp-json\/wp\/v2\/types\/page"}],"author":[{"embeddable":true,"href":"https:\/\/notredamedesflots-brest.com\/index.php\/wp-json\/wp\/v2\/users\/1"}],"replies":[{"embeddable":true,"href":"https:\/\/notredamedesflots-brest.com\/index.php\/wp-json\/wp\/v2\/comments?post=101"}],"version-history":[{"count":8,"href":"https:\/\/notredamedesflots-brest.com\/index.php\/wp-json\/wp\/v2\/pages\/101\/revisions"}],"predecessor-version":[{"id":515,"href":"https:\/\/notredamedesflots-brest.com\/index.php\/wp-json\/wp\/v2\/pages\/101\/revisions\/515"}],"wp:featuredmedia":[{"embeddable":true,"href":"https:\/\/notredamedesflots-brest.com\/index.php\/wp-json\/wp\/v2\/media\/17"}],"wp:attachment":[{"href":"https:\/\/notredamedesflots-brest.com\/index.php\/wp-json\/wp\/v2\/media?parent=101"}],"curies":[{"name":"wp","href":"https:\/\/api.w.org\/{rel}","templated":true}]}}

<p class="has-text-align-center has-theme-palette-9-color has-text-color has-background has-link-color wp-elements-dafab011c3b93917ec25ee1b4a707d2b" style="background-color:#216d9e">RENTRÉE DES CLASSES : lundi 8 septembre 2025</p>



<ul class="wp-block-list has-theme-palette-9-background-color has-background">
<li>Vendredi 26 septembre 2025 : pèlerinage de rentrée.</li>
</ul>



<p class="has-text-align-center has-background" style="background-color:#cccccc59">VACANCES DE LA TOUSSAINT : vendredi 17 octobre 2025 au lundi 3 novembre 2025</p>



<p class="has-text-align-center has-background" style="background-color:#cccccc59">VACANCES DE NOËL : vendredi 19 décembre 2025 au lundi 5 janvier 2026</p>



<ul class="wp-block-list has-theme-palette-9-background-color has-background">
<li>Classe de 3<sup>ème</sup> : <br>Brevet blanc : 9 et 10 février 2026<br>Stage : 11, 12 et 13 février 2026</li>
</ul>



<p class="has-text-align-center has-background" style="background-color:#cccccc59">VACANCES DE FÉVRIER : vendredi 13 février au lundi 03 mars 2026</p>



<ul class="wp-block-list has-theme-palette-9-background-color has-background">
<li>Jeudi 2 avril au mardi 7 avril 2026 : week-end de Pâques</li>
</ul>



<p class="has-text-align-center has-background" style="background-color:#cccccc59">VACANCES DE PÂQUES : vendredi 10 avril au lundi 27 avril 2026</p>



<ul class="wp-block-list has-theme-palette-9-background-color has-background">
<li>Jeudi 1er mai : férié</li>



<li>Mercredi 13 mai au lundi 18 mai 2026 : pont de l&rsquo;Ascension</li>



<li>Vendredi 22 mai au mercredi 27 mai 2026 : week-end de la Pentecôte (sous réserve d&rsquo;une participation conséquente des élèves au pèlerinage)</li>



<li>Date à déterminer : spectacle de fin d&rsquo;année</li>
</ul>



<p class="has-text-align-center has-theme-palette-9-color has-text-color has-background has-link-color wp-elements-c3feb42708f9f0ca58484bbf344f263f" style="background-color:#216d9e">FIN DES COURS : vendredi 26 juin 2026</p>



<ul class="wp-block-list has-theme-palette-9-background-color has-background">
<li>Lundi 29 juin 2026 : grand ménage. Trois/quatre parents seront sollicités.</li>
</ul>



<h2 class="wp-block-heading">Les messes à Saint Michel :</h2>



<ul class="wp-block-list has-theme-palette-9-background-color has-background">
<li>Vendredi 26 septembre 2025, pèlerinage. Messe à 9h.</li>



<li>Mardi 18 novembre 2025, 8h15.</li>



<li>Mercredi 17 décembre 2025, 8h15.</li>



<li>Mardi 20 janvier 2026, 8h15.</li>



<li>Jeudi 19 mars 2026, 8h15.</li>



<li>Vendredi 8 mai 2026, 8h15.</li>
</ul>



<p></p>

<p>RENTRÉE DES CLASSES : lundi 8 septembre 2025 VACANCES DE LA TOUSSAINT : vendredi 17 octobre 2025 au lundi 3 novembre 2025 VACANCES DE NOËL : vendredi 19 décembre 2025 au lundi 5 janvier 2026 VACANCES DE FÉVRIER : vendredi 13 février au lundi 03 mars 2026 VACANCES DE PÂQUES : vendredi 10 avril au&#8230;</p>
