{"id":20,"date":"2025-03-04T09:53:37","date_gmt":"2025-03-04T08:53:37","guid":{"rendered":"https:\/\/notredamedesflots-brest.com\/?page_id=20"},"modified":"2026-03-29T18:41:13","modified_gmt":"2026-03-29T16:41:13","slug":"bienvenue-sur-le-site-de-notre-ecole","status":"publish","type":"page","link":"https:\/\/notredamedesflots-brest.com\/","title":{"rendered":"Bienvenue sur le site de notre \u00e9cole"},"content":{"rendered":"\n<div class=\"wp-block-group has-theme-palette-9-background-color has-background\"><div class=\"wp-block-group__inner-container is-layout-constrained wp-block-group-is-layout-constrained\">\n<p class=\"has-text-align-center\">Les pr\u00e9-inscriptions pour la rentr\u00e9e 2026 sont ouvertes ! <\/p>\n\n\n\n<div class=\"wp-block-buttons is-content-justification-center is-layout-flex wp-container-core-buttons-is-layout-16018d1d wp-block-buttons-is-layout-flex\">\n<div class=\"wp-block-button\"><a class=\"wp-block-button__link wp-element-button\" href=\"https:\/\/notredamedesflots-brest.com\/wp-content\/uploads\/2026\/03\/Fiche_preinscription_2026.pdf\" target=\"_blank\" rel=\"noreferrer noopener\">Je t\u00e9l\u00e9charge la fiche<\/a><\/div>\n<\/div>\n<\/div><\/div>\n\n\n\n<div class=\"wp-block-columns is-layout-flex wp-container-core-columns-is-layout-9d6595d7 wp-block-columns-is-layout-flex\">\n<div class=\"wp-block-column is-vertically-aligned-center is-layout-flow wp-block-column-is-layout-flow\" style=\"padding-top:0;padding-bottom:0\">\n<details class=\"wp-block-details has-theme-palette-9-color has-text-color has-background has-link-color wp-elements-e6e8454594120a15629f0d1f5321c0e5 is-layout-flow wp-block-details-is-layout-flow\" style=\"background-color:#9c2307;padding-top:var(--wp--preset--spacing--20);padding-right:var(--wp--preset--spacing--30);padding-bottom:var(--wp--preset--spacing--20);padding-left:var(--wp--preset--spacing--30)\"><summary><strong>ON RECRUTE !<\/strong><\/summary>\n<p>Postes d&rsquo;enseignement r\u00e9mun\u00e9r\u00e9s \u00e0 pourvoir d\u00e8s que possible !<br>&#8211; Fran\u00e7ais,<br>&#8211; Physique<br>&#8211; un\/une instit.<br>Prendre contact avec l&rsquo;\u00e9tablissement par le <a href=\"https:\/\/notredamedesflots-brest.com\/index.php\/contact\/\">formulaire de contact<\/a>.<\/p>\n<\/details>\n<\/div>\n<\/div>\n\n\n\n<div class=\"wp-block-media-text has-media-on-the-right is-stacked-on-mobile\"><div class=\"wp-block-media-text__content\">\n<h2 class=\"wp-block-heading\">Pr\u00e9sentation rapide<\/h2>\n\n\n\n<p>L&rsquo;\u00e9cole Notre Dame des Flots est une <strong>\u00e9cole hors contrat<\/strong> situ\u00e9e \u00e0 Brest (29). Elle a \u00e9t\u00e9 cr\u00e9\u00e9e en 2013 par des parents d\u00e9sireux d&rsquo;offrir \u00e0 leurs enfants un environnement propice \u00e0 leur d\u00e9veloppement spirituel et intellectuel.<\/p>\n\n\n\n<ul class=\"wp-block-list\">\n<li>2013 : ouverture d&rsquo;une classe de 6<sup>\u00e8me<\/sup><\/li>\n\n\n\n<li style=\"line-height:2\">2015 : ouverture d&rsquo;une classe de 5<sup>\u00e8me<\/sup><\/li>\n\n\n\n<li>2016 : ouverture d&rsquo;une classe de 4<sup>\u00e8me<\/sup><\/li>\n\n\n\n<li>2017 : ouverture d&rsquo;une classe de 3<sup>\u00e8me<\/sup><\/li>\n\n\n\n<li>2024 : ouverture du primaire avec une classe de CM1\/CM2<\/li>\n<\/ul>\n\n\n\n<p>De plus en plus d&rsquo;\u00e9l\u00e8ves b\u00e9n\u00e9ficient d&rsquo;un enseignement bas\u00e9 sur des m\u00e9thodes d&rsquo;apprentissage qui ont fait leurs preuves ainsi que d&rsquo;un cadre de vie propice \u00e0 leur \u00e9panouissement personnel.<\/p>\n\n\n\n<div class=\"wp-block-buttons alignwide is-content-justification-center is-layout-flex wp-container-core-buttons-is-layout-16018d1d wp-block-buttons-is-layout-flex\">\n<div class=\"wp-block-button is-style-outline is-style-outline--1\"><a class=\"wp-block-button__link wp-element-button\" href=\"https:\/\/notredamedesflots-brest.com\/index.php\/charte\/\">En savoir plus<\/a><\/div>\n<\/div>\n<\/div><figure class=\"wp-block-media-text__media\"><img loading=\"lazy\" decoding=\"async\" width=\"1024\" height=\"681\" src=\"https:\/\/notredamedesflots-brest.com\/wp-content\/uploads\/2025\/03\/LBH_8138-1024x681.jpg\" alt=\"\" class=\"wp-image-420 size-full\" srcset=\"https:\/\/notredamedesflots-brest.com\/wp-content\/uploads\/2025\/03\/LBH_8138-1024x681.jpg 1024w, https:\/\/notredamedesflots-brest.com\/wp-content\/uploads\/2025\/03\/LBH_8138-scaled-600x399.jpg 600w, https:\/\/notredamedesflots-brest.com\/wp-content\/uploads\/2025\/03\/LBH_8138-300x200.jpg 300w, https:\/\/notredamedesflots-brest.com\/wp-content\/uploads\/2025\/03\/LBH_8138-768x511.jpg 768w, https:\/\/notredamedesflots-brest.com\/wp-content\/uploads\/2025\/03\/LBH_8138-1536x1022.jpg 1536w, https:\/\/notredamedesflots-brest.com\/wp-content\/uploads\/2025\/03\/LBH_8138-2048x1363.jpg 2048w\" sizes=\"auto, (max-width: 1024px) 100vw, 1024px\" \/><\/figure><\/div>\n\n\n\n<div class=\"wp-block-columns is-layout-flex wp-container-core-columns-is-layout-9d6595d7 wp-block-columns-is-layout-flex\">\n<div class=\"wp-block-column is-vertically-aligned-top is-layout-flow wp-block-column-is-layout-flow\">\n<h3 class=\"wp-block-heading has-text-align-center has-large-font-size\" style=\"padding-top:var(--wp--preset--spacing--20);padding-bottom:var(--wp--preset--spacing--20)\">\u00ab\u00a0Per undas, ad metam\u00a0\u00bb<\/h3>\n<\/div>\n<\/div>\n\n\n\n<h2 class=\"wp-block-heading has-text-align-center has-large-font-size\">L&rsquo;\u00e9cole en 3 points<\/h2>\n\n\n\n<div class=\"wp-block-columns is-layout-flex wp-container-core-columns-is-layout-9d6595d7 wp-block-columns-is-layout-flex\">\n<div class=\"wp-block-column has-border-color has-theme-palette-9-background-color has-background is-layout-flow wp-block-column-is-layout-flow\" style=\"border-color:#216d9e;border-width:4px;border-radius:18px;padding-top:16px;padding-right:4px;padding-bottom:16px;padding-left:4px\">\n<h3 class=\"wp-block-heading has-text-align-center has-text-color has-link-color wp-elements-2b8b2659ca97065e212ba98ec432fa71\" style=\"color:#216d9e\">Un enseignement de qualit\u00e9 sous le regard de Dieu<\/h3>\n\n\n<div class=\"wp-block-image\">\n<figure class=\"aligncenter size-full\"><img loading=\"lazy\" decoding=\"async\" width=\"100\" height=\"100\" src=\"https:\/\/notredamedesflots-brest.com\/wp-content\/uploads\/2025\/03\/regard_dieu.png\" alt=\"\" class=\"wp-image-25\"\/><\/figure>\n<\/div><\/div>\n\n\n\n<div class=\"wp-block-column has-border-color has-theme-palette-9-background-color has-background is-layout-flow wp-block-column-is-layout-flow\" style=\"border-color:#216d9e;border-width:4px;border-radius:18px;padding-top:13px;padding-right:4px;padding-bottom:13px;padding-left:4px\">\n<h3 class=\"wp-block-heading has-text-align-center has-text-color has-link-color wp-elements-df6ca387fde3a34fdafd88ef4e0721ce\" style=\"color:#216d9e\">Une formation bienveillante et exigeante adapt\u00e9e \u00e0 chaque enfant<\/h3>\n\n\n<div class=\"wp-block-image\">\n<figure class=\"aligncenter size-full\" style=\"margin-top:0;margin-bottom:0\"><img loading=\"lazy\" decoding=\"async\" width=\"100\" height=\"100\" src=\"https:\/\/notredamedesflots-brest.com\/wp-content\/uploads\/2025\/03\/enseignement.png\" alt=\"\" class=\"wp-image-26\"\/><\/figure>\n<\/div><\/div>\n\n\n\n<div class=\"wp-block-column has-border-color has-theme-palette-9-background-color has-background is-layout-flow wp-block-column-is-layout-flow\" style=\"border-color:#216d9e;border-width:4px;border-radius:18px;padding-top:16px;padding-right:4px;padding-bottom:16px;padding-left:4px\">\n<h3 class=\"wp-block-heading has-text-align-center has-text-color has-link-color wp-elements-7fbe96a590f8c861824d4217a3f2e039\" style=\"color:#216d9e\">De petits effectifs pour une vie fraternelle et joyeuse<\/h3>\n\n\n<div class=\"wp-block-image\">\n<figure class=\"aligncenter size-full\"><img loading=\"lazy\" decoding=\"async\" width=\"100\" height=\"100\" src=\"https:\/\/notredamedesflots-brest.com\/wp-content\/uploads\/2025\/03\/amis.png\" alt=\"\" class=\"wp-image-27\"\/><\/figure>\n<\/div><\/div>\n<\/div>\n\n\n\n<div class=\"wp-block-cover alignfull has-parallax\"><div class=\"wp-block-cover__image-background wp-image-68 has-parallax\" style=\"background-position:50% 50%;background-image:url(https:\/\/notredamedesflots-brest.com\/wp-content\/uploads\/2025\/03\/20231114_093507-scaled.jpg)\"><\/div><span aria-hidden=\"true\" class=\"wp-block-cover__background has-background-dim-80 has-background-dim\" style=\"background-color:#333333\"><\/span><div class=\"wp-block-cover__inner-container is-layout-constrained wp-block-cover-is-layout-constrained\">\n<h2 class=\"wp-block-heading has-text-align-center has-theme-palette-9-color has-text-color has-link-color has-larger-font-size wp-elements-3243ca13e34fce5b110760f8ffbd120b\">Soutenir le projet<\/h2>\n\n\n\n<p class=\"has-text-align-center has-medium-font-size\">Notre Dame des Flots s&rsquo;agrandit, nous avons besoin de vous pour faire vivre ce beau projet pour la jeunesse !<\/p>\n\n\n\n<p class=\"has-medium-font-size\">Vous pouvez nous aider de 3 fa\u00e7ons :<\/p>\n\n\n\n<ul class=\"wp-block-list has-medium-font-size\">\n<li>Inscrivez vos enfants<\/li>\n\n\n\n<li>Rejoignez l&rsquo;\u00e9quipe enseignante : vous \u00eates enseignant (ou vous avez les comp\u00e9tences requises) et quelques heures \u00e0 donner, nos \u00e9l\u00e8ves ont besoin de vous !<\/li>\n\n\n\n<li class=\"has-theme-palette-9-color has-text-color has-link-color wp-elements-c0c8eb41c1bd33084bb033598a833529\"><a href=\"https:\/\/notredamedesflots-brest.com\/index.php\/je-fais-un-don\/\" data-type=\"page\" data-id=\"70\">Faites un don<\/a> : notre \u00e9cole ne re\u00e7oit aucune subvention de l\u2019\u00c9tat. Tout don, m\u00eame modeste, nous aidera beaucoup. En tant que particulier, vous b\u00e9n\u00e9ficiez d&rsquo;une r\u00e9duction d&rsquo;imp\u00f4t sur le revenu de 66% du montant du don.<\/li>\n<\/ul>\n\n\n\n<p class=\"has-text-align-center has-medium-font-size\">Merci d&rsquo;avance ! Les \u00e9l\u00e8ves prient r\u00e9guli\u00e8rement pour les bienfaiteurs de l&rsquo;\u00e9cole.<\/p>\n<\/div><\/div>\n\n\n\n<h2 class=\"wp-block-heading has-text-align-center has-theme-palette-9-color has-text-color has-background has-link-color wp-elements-516252e19c7bdfd1d92aee64645656d1\" style=\"background-color:#216d9e\">Derni\u00e8res actualit\u00e9s<\/h2>\n\n\n\n<div class=\"wp-block-query is-layout-flow wp-block-query-is-layout-flow\"><ul class=\"columns-3 wp-block-post-template is-layout-grid wp-container-core-post-template-is-layout-2fc57c17 wp-block-post-template-is-layout-grid\"><li class=\"wp-block-post post-586 post type-post status-publish format-standard has-post-thumbnail hentry category-evenement\">\n\n<div class=\"wp-block-group has-theme-palette-9-background-color has-background\" style=\"padding-top:30px;padding-right:30px;padding-bottom:30px;padding-left:30px\"><div class=\"wp-block-group__inner-container is-layout-flow wp-block-group-is-layout-flow\"><h2 class=\"wp-block-post-title\"><a href=\"https:\/\/notredamedesflots-brest.com\/index.php\/2026\/04\/01\/vente-de-printemps-et-portes-ouvertes-2\/\" target=\"_self\" >Vente de printemps et portes-ouvertes<\/a><\/h2>\n\n<div class=\"wp-block-post-excerpt\"><p class=\"wp-block-post-excerpt__excerpt\">Un immense merci \u00e0 tous les participants et \u00e0 nos parents b\u00e9n\u00e9voles, sans qui cette\u2026<\/p><p class=\"wp-block-post-excerpt__more-text\"><a class=\"wp-block-post-excerpt__more-link\" href=\"https:\/\/notredamedesflots-brest.com\/index.php\/2026\/04\/01\/vente-de-printemps-et-portes-ouvertes-2\/\">Lire la suite<\/a><\/p><\/div>\n\n<div class=\"wp-block-post-date\"><time datetime=\"2026-04-01T20:03:58+02:00\">1 avril 2026<\/time><\/div><\/div><\/div>\n\n<\/li><li class=\"wp-block-post post-519 post type-post status-publish format-standard has-post-thumbnail hentry category-vie-scolaire\">\n\n<div class=\"wp-block-group has-theme-palette-9-background-color has-background\" style=\"padding-top:30px;padding-right:30px;padding-bottom:30px;padding-left:30px\"><div class=\"wp-block-group__inner-container is-layout-flow wp-block-group-is-layout-flow\"><h2 class=\"wp-block-post-title\"><a href=\"https:\/\/notredamedesflots-brest.com\/index.php\/2025\/11\/29\/artistes-en-herbe\/\" target=\"_self\" >Artistes en herbe<\/a><\/h2>\n\n<div class=\"wp-block-post-excerpt\"><p class=\"wp-block-post-excerpt__excerpt\">Cours de dessin pour nos chers \u00e9l\u00e8ves. Regarder, observer, ressentir et traduire tout \u00e7a en\u2026<\/p><p class=\"wp-block-post-excerpt__more-text\"><a class=\"wp-block-post-excerpt__more-link\" href=\"https:\/\/notredamedesflots-brest.com\/index.php\/2025\/11\/29\/artistes-en-herbe\/\">Lire la suite<\/a><\/p><\/div>\n\n<div class=\"wp-block-post-date\"><time datetime=\"2025-11-29T11:04:43+01:00\">29 novembre 2025<\/time><\/div><\/div><\/div>\n\n<\/li><li class=\"wp-block-post post-498 post type-post status-publish format-standard has-post-thumbnail hentry category-spectacle\">\n\n<div class=\"wp-block-group has-theme-palette-9-background-color has-background\" style=\"padding-top:30px;padding-right:30px;padding-bottom:30px;padding-left:30px\"><div class=\"wp-block-group__inner-container is-layout-flow wp-block-group-is-layout-flow\"><h2 class=\"wp-block-post-title\"><a href=\"https:\/\/notredamedesflots-brest.com\/index.php\/2025\/06\/23\/spectacle-de-fin-dannee-5\/\" target=\"_self\" >Spectacle de fin d&rsquo;ann\u00e9e<\/a><\/h2>\n\n<div class=\"wp-block-post-excerpt\"><p class=\"wp-block-post-excerpt__excerpt\">Cyrano de Bergerac, d&rsquo;Edmond Rostand, version Notre Dame des Flots.Samedi 14 juin, nos \u00e9l\u00e8ves ont\u2026<\/p><p class=\"wp-block-post-excerpt__more-text\"><a class=\"wp-block-post-excerpt__more-link\" href=\"https:\/\/notredamedesflots-brest.com\/index.php\/2025\/06\/23\/spectacle-de-fin-dannee-5\/\">Lire la suite<\/a><\/p><\/div>\n\n<div class=\"wp-block-post-date\"><time datetime=\"2025-06-23T09:29:24+02:00\">23 juin 2025<\/time><\/div><\/div><\/div>\n\n<\/li><\/ul><\/div>\n\n\n\n<p><\/p>\n","protected":false},"excerpt":{"rendered":"<p>Les pr\u00e9-inscriptions pour la rentr\u00e9e 2026 sont ouvertes ! \u00ab\u00a0Per undas, ad metam\u00a0\u00bb L&rsquo;\u00e9cole en 3 points Un enseignement de qualit\u00e9 sous le regard de Dieu Une formation bienveillante et exigeante adapt\u00e9e \u00e0 chaque enfant De petits effectifs pour une vie fraternelle et joyeuse Derni\u00e8res actualit\u00e9s<\/p>\n","protected":false},"author":1,"featured_media":448,"parent":0,"menu_order":0,"comment_status":"closed","ping_status":"closed","template":"","meta":{"_kad_post_transparent":"","_kad_post_title":"","_kad_post_layout":"","_kad_post_sidebar_id":"","_kad_post_content_style":"","_kad_post_vertical_padding":"","_kad_post_feature":"","_kad_post_feature_position":"","_kad_post_header":false,"_kad_post_footer":false,"footnotes":""},"class_list":["post-20","page","type-page","status-publish","has-post-thumbnail","hentry"],"jetpack_sharing_enabled":true,"_links":{"self":[{"href":"https:\/\/notredamedesflots-brest.com\/index.php\/wp-json\/wp\/v2\/pages\/20","targetHints":{"allow":["GET"]}}],"collection":[{"href":"https:\/\/notredamedesflots-brest.com\/index.php\/wp-json\/wp\/v2\/pages"}],"about":[{"href":"https:\/\/notredamedesflots-brest.com\/index.php\/wp-json\/wp\/v2\/types\/page"}],"author":[{"embeddable":true,"href":"https:\/\/notredamedesflots-brest.com\/index.php\/wp-json\/wp\/v2\/users\/1"}],"replies":[{"embeddable":true,"href":"https:\/\/notredamedesflots-brest.com\/index.php\/wp-json\/wp\/v2\/comments?post=20"}],"version-history":[{"count":75,"href":"https:\/\/notredamedesflots-brest.com\/index.php\/wp-json\/wp\/v2\/pages\/20\/revisions"}],"predecessor-version":[{"id":585,"href":"https:\/\/notredamedesflots-brest.com\/index.php\/wp-json\/wp\/v2\/pages\/20\/revisions\/585"}],"wp:featuredmedia":[{"embeddable":true,"href":"https:\/\/notredamedesflots-brest.com\/index.php\/wp-json\/wp\/v2\/media\/448"}],"wp:attachment":[{"href":"https:\/\/notredamedesflots-brest.com\/index.php\/wp-json\/wp\/v2\/media?parent=20"}],"curies":[{"name":"wp","href":"https:\/\/api.w.org\/{rel}","templated":true}]}}